is the remainder when 81525 is divided by 27133?
126
What is the remainder when 171054 is divided by 16972?
1334
What is the remainder when 449701 is divided by 112272?
613
Calculate the remainder when 47492 is divided by 23143.
1206
What is the remainder when 1167430 is divided by 6827?
13
Calculate the remainder when 133568 is divided by 13330.
268
What is the remainder when 27025742 is divided by 10845?
2
Calculate the remainder when 830503141 is divided by 238.
237
Calculate the remainder when 50612211 is divided by 217.
216
Calculate the remainder when 67415 is divided by 8.
7
Calculate the remainder when 65624249 is divided by 669635.
19
Calculate the remainder when 314105 is divided by 13087.
17
What is the remainder when 3625009 is divided by 303?
220
What is the remainder when 1435039 is divided by 478286?
181
Calculate the remainder when 22496512 is divided by 6028.
16
Calculate the remainder when 2207734837 is divided by 857.
854
Calculate the remainder when 1936728 is divided by 37975.
3
What is the remainder when 21236 is divided by 4740?
2276
Calculate the remainder when 32687478 is divided by 85.
48
What is the remainder when 625550 is divided by 4015?
3225
Calculate the remainder when 1202940 is divided by 8716.
132
Calculate the remainder when 16356 is divided by 4843.
1827
What is the remainder when 1620726 is divided by 2706?
2538
Calculate the remainder when 52678750 is divided by 2114.
2098
Calculate the remainder when 963008 is divided by 4284.
3392
Calculate the remainder when 1552422 is divided by 16887.
15705
Calculate the remainder when 142085556 is divided by 34.
32
What is the remainder when 41626 is divided by 670?
86
Calculate the remainder when 707070 is divided by 35353.
10
What is the remainder when 172656 is divided by 169186?
3470
What is the remainder when 4702121 is divided by 35?
11
What is the remainder when 60449981 is divided by 118?
115
Calculate the remainder when 1247656 is divided by 575.
481
Calculate the remainder when 24396357 is divided by 13.
11
Calculate the remainder when 3260596 is divided by 7.
3
What is the remainder when 9443152 is divided by 9443150?
2
Calculate the remainder when 6742168 is divided by 963144.
160
Calculate the remainder when 483228747 is divided by 1875.
1872
Calculate the remainder when 10930081 is divided by 45.
31
What is the remainder when 10636759 is divided by 797?
794
What is the remainder when 18335560 is divided by 73050?
10
Calculate the remainder when 50268741 is divided by 4338.
4335
Calculate the remainder when 61347 is divided by 348.
99
Calculate the remainder when 122219548 is divided by 1222.
1218
Calculate the remainder when 10829847 is divided by 138.
21
What is the remainder when 144045 is divided by 23983?
147
Calculate the remainder when 104128047 is divided by 975.
972
What is the remainder when 175145588 is divided by 334?
330
Calculate the remainder when 1377759 is divided by 1416.
1407
Calculate the remainder when 56031911 is divided by 222.
221
What is the remainder when 24944402 is divided by 239850?
2
Calculate the remainder when 659165 is divided by 164731.
241
What is the remainder when 6458534 is divided by 353?
46
Calculate the remainder when 896429 is divided by 225.
29
What is the remainder when 3351009 is divided by 538?
345
Calculate the remainder when 1903317 is divided by 4111.
4035
Calculate the remainder when 15718212 is divided by 541.
539
Calculate the remainder when 19668878 is divided by 16.
14
What is the remainder when 24202457 is divided by 714?
713
Calculate the remainder when 119397 is divided by 604.
409
Calculate the remainder when 13285824 is divided by 22867.
97
What is the remainder when 6979737 is divided by 6979733?
4
What is the remainder when 41422031 is divided by 24?
23
Calculate the remainder when 30501871 is divided by 57.
31
Calculate the remainder when 363963 is divided by 18.
3
What is the remainder when 3401027 is divided by 71?
56
What is the remainder when 93199165 is divided by 50?
15
Calculate the remainder when 271837 is divided by 15098.
73
Calculate the remainder when 74958 is divided by 824.
798
Calculate the remainder when 33257422 is divided by 115.
112
Calculate the remainder when 260717 is divided by 354.
173
What is the remainder when 7326439 is divided by 98?
57
What is the remainder when 278212744 is divided by 46368789?
10
Calculate the remainder when 81105 is divided by 40430.
245
Calculate the remainder when 635696 is divided by 28.
12
Calculate the remainder when 5580 is divided by 737.
421
What is the remainder when 31526498 is divided by 22?
14
What is the remainder when 85306 is divided by 2268?
1390
Calculate the remainder when 11829 is divided by 11670.
159
Calculate the remainder when 107338 is divided by 4868.
242
Calculate the remainder when 2175243 is divided by 4485.
18
What is the remainder when 10451121 is divided by 1939?
1850
What is the remainder when 97832747 is divided by 16305457?
5
Calculate the remainder when 152444 is divided by 506.
138
Calculate the remainder when 252011 is divided by 951.
947
What is the remainder when 3320803 is divided by 2831?
40
What is the remainder when 6328846 is divided by 5051?
4994
What is the remainder when 83507905 is divided by 304?
17
Calculate the remainder when 89473 is divided by 6385.
83
Calculate the remainder when 28727 is divided by 1762.
535
What is the remainder when 25382 is divided by 1494?
1478
What is the remainder when 816101 is divided by 607?
293
What is the remainder when 779836 is divided by 1978?
504
What is the remainder when 2925480 is divided by 290?
250
Calculate the remainder when 2139211 is divided by 267399.
19
Calculate the remainder when 10913614 is divided by 1134.
1132
Calculate the remainder when 215245 is divided by 3776.
13
What is the remainder when 3329036 is divided by 1164?
1160
What is the remainder when 17895373 is divided by 16?
13
Calculate the remainder when 4962486 is divided by 23298.
12
Calculate the remainder when 55475 is divided by 217.
140
What is the remainder when 218314 is divided by 13572?
1162
Calculate the remainder when 103052543 is divided by 24.
23
What is the remainder when 13102200 is divided by 448?
440
Calculate the remainder when 277943 is divided by 2526.
83
What is the remainder when 101390769 is divided by 3177?
3168
Calculate the remainder when 687538 is divided by 9547.
154
Calculate the remainder when 16406090 is divided by 2686.
2
What is the remainder when 1930759 is divided by 643?
473
Calculate the remainder when 55501666 is divided by 828.
826
Calculate the remainder when 2075453 is divided by 430.
273
What is the remainder when 228220750 is divided by 16?
14
What is the remainder when 466914 is divided by 8489?
19
What is the remainder when 5253979 is divided by 581?
577
What is the remainder when 474488 is divided by 157?
34
What is the remainder when 1188338 is divided by 2566?
280
Calculate the remainder when 1230493 is divided by 83.
18
Calculate the remainder when 21525 is divided by 2634.
453
Calculate the remainder when 74560 is divided by 63833.
10727
Calculate the remainder when 158903 is divided by 39722.
15
Calculate the remainder when 35828059 is divided by 9955.
14
Calculate the remainder when 6652116 is divided by 913.
911
What is the remainder when 111757412 is divided by 1522?
1518
Calculate the remainder when 15818 is divided by 1161.
725
Calculate the remainder when 65575001 is divided by 29.
27
Calculate the remainder when 9688797 is divided by 176.
173
Calculate the remainder when 282032649 is divided by 748.
745
Calculate the remainder when 10404824 is divided by 15.
14
What is the remainder when 13181250 is divided by 943?
939
Calculate the remainder when 1402464 is divided by 616.
448
Calculate the remainder when 11639045 is divided by 133782.
11
What is the remainder when 922183 is divided by 461087?
9
Calculate the remainder when 7667303 is divided by 41222.
11
Calculate the remainder when 272972 is divided by 16.
12
What is the remainder when 8161957 is divided by 129?
127
What is the remainder when 9286582 is divided by 385?
382
What is the remainder when 130621512 is divided by 36?
12
What is the remainder when 127673 is divi